(2)?
7
Suppose -3*w + 4*o = -61, -5*w + 2*o + 92 = -33. What is the units digit of w?
7
Let c = -226 - -619. What is the units digit of c?
3
Suppose 2*j + w - 109 = 2*w, -2*j + 115 = w. What is the tens digit of j?
5
Let u(a) = -14*a - 5. What is the units digit of u(-3)?
7
Suppose 5*r + 1 + 14 = 0. What is the units digit of 68/3*r/(-2)?
4
Let x = 57 + -11. Let a(v) = 1 - x*v**2 - 2*v + 46*v**2 + v**3. What is the units digit of a(2)?
5
Let t = 18 - 11. What is the units digit of t?
7
Let z(m) = m**2. Let i be z(2). Suppose -74 = -2*h - i. What is the tens digit of h?
3
Suppose -6*w = -0*w - 990. What is the tens digit of w?
6
Let b(i) be the first derivative of i**4/2 + i**3/3 - i + 2. Let v be b(1). Suppose -f - v*f = -24. What is the units digit of f?
8
Let s(y) = -8*y - 16. Let t be s(-14). Let p = 137 - t. What is the tens digit of p?
4
Let v(f) = f**2 - 5. Let p = 4 + -7. What is the units digit of v(p)?
4
Let d be (4/(-10))/((-2)/20). Suppose 6*y = d*y + 70. What is the units digit of y?
5
Suppose 3*f = -3*h - 6, h + f = -f + 1. What is the tens digit of 6/(1/(h/(-2)))?
1
What is the units digit of (28/70)/((-2)/(-5))?
1
Let g be 8/28 - 2/7. Suppose g = -3*j + m + m + 20, -m = 3*j - 26. What is the units digit of j?
8
Let i = -94 - -127. What is the units digit of i?
3
Let b be (-23)/(-5) + (-2)/(-5). Suppose -4*s = -b*s. Let f = 4 - s. What is the units digit of f?
4
Let s = 16 - 9. Suppose -o - 3 + s = 0. Suppose 0 = -4*m + 2*g + 18, 0*m - 55 = -5*m - o*g. What is the units digit of m?
7
Suppose 3*y - 55 = -5*m, 3*y + 5 = -m + 64. Suppose -7*n + y = -2*n. Suppose n*b - 1 = 3. What is the units digit of b?
1
Let h = 121 - 84. What is the units digit of h?
7
Suppose -386 = -5*h + 99. Suppose 5*w = 3*x - h, 3*x - 4*w = 56 + 39. What is the units digit of x?
9
Let s(l) = 2*l**2 - 4*l. Let k be s(3). Suppose -8 = -o + 2*j, -j + 3*j = k. Let x = 21 - o. What is the units digit of x?
7
Let o(i) = i**3 + 7*i**2 - i - 3. Let h be o(-7). Suppose 0 = -2*g + h*a + 46, -a + 6 = 3*g - 28. What is the tens digit of g?
1
Let d(u) = u**2 - 7*u - 6. What is the tens digit of d(9)?
1
Let n = -19 - -9. Let o = 20 + n. What is the tens digit of o?
1
Let r(d) be the second derivative of 3*d**8/2240 - d**6/720 + d**5/120 + d**4/6 - d. Let l(y) be the third derivative of r(y). What is the units digit of l(1)?
9
Let f(k) = -k + 10. Let v be f(7). Suppose -2*x - 3*i + 64 = -i, -v*x + 104 = -i. What is the units digit of x?
4
Let b be 60 - (-6)/(-4)*-2. Suppose -5*u - 157 + b = -3*o, 5*o - 100 = -3*u. What is the units digit of o?
3
Suppose 3*s + 30 = 5*u, -8*u + 3*u + 10 = s. Suppose -4*x - 3*t = -71, 2*x - 83 = -u*x + 2*t. What is the units digit of x?
7
Let c(x) = 10*x**3. Let n be 5/2*(-3 - -1). Let u(s) = -s**3 - 6*s**2 - 4*s + 6. Let p be u(n). What is the tens digit of c(p)?
1
Let l(o) be the second derivative of o**3/6 - 5*o**2 - 2*o. Let j be l(9). What is the units digit of (-9)/j - (1 + -1)?
9
Suppose 16 = k + 2. What is the tens digit of k?
1
Let r(j) = -j**2 - 12*j - 9. Let m = -21 - -13. What is the units digit of r(m)?
3
Let l(d) = -22*d - 3. Let m be l(-3). Let s = -23 + m. What is the tens digit of s?
4
Let t be (-1 + (-2)/4)*-2. Suppose -136 = -h - t*h. What is the units digit of h?
4
Suppose 12*l = 15*l - 6. What is the units digit of l?
2
Let d = 67 - 40. Let z = -8 + d. What is the tens digit of z?
1
Let c(j) be the third derivative of -j**4/8 - j**3/3 - 2*j**2. Let x(w) = w**2 - 4*w - 7. Let a be x(5). What is the units digit of c(a)?
4
Let y(o) = 3*o - 7. What is the units digit of y(13)?
2
Let p = 21 - 34. Let n = 24 + -6. Let y = p + n. What is the units digit of y?
5
Let l = 13 + -9. Suppose -l = 4*f - 24. Suppose f = a - 0. What is the units digit of a?
5
Suppose 0 = -3*k + 4*i - 26, 4*k - k + 31 = -i. Let h be 4/k + 51/15. Suppose 5*q - 8 = w, w = -h*q - q + 1. What is the units digit of q?
1
Let m(a) = a**3 - 8*a**2 - 10*a + 9. Let s be m(9). Suppose -5*x + 16 + 9 = s. Suppose 3*j + 10 = x*f, f + f + 4*j - 4 = 0. What is the units digit of f?
2
Let f be -2 - (-4)/6*3. Let j be f/(-1) - (-5 + 0). Let i(k) = -k**2 + 7*k - 1. What is the units digit of i(j)?
9
Suppose 5*l + 5*i = 160, 84 = 2*l - 3*i + i. What is the units digit of l?
7
Suppose -6 = q + 4*x, 1 = -3*x + 4. Let d be (-26)/q + (-4)/(-10). Suppose 0 = -2*j + d*s - s + 24, 4*s + 12 = 0. What is the units digit of j?
9
Let y(h) = 3*h - 1 + 3 + 4. What is the tens digit of y(6)?
2
Let i = 12 + 6. What is the tens digit of i?
1
Suppose 2*g - v = 5, -2*g + 3*v - 6 = -17. Suppose -c + 2 + 0 = 0. What is the units digit of (g/c)/(1/12)?
6
Let r(o) = o**3 + o**2 + 6. Let n = -1 - -1. What is the units digit of r(n)?
6
Suppose -1 = 2*t - 5*l + 2, 2*t - 3*l = -1. What is the units digit of t?
1
Let q(y) = -16*y - 2. What is the units digit of q(-3)?
6
Suppose -8 = -5*k + 17. Let q = k - 2. Suppose 0 = 3*o + 2*i - 12, -2*i + 3 = -q*i. What is the units digit of o?
6
Let c(o) = -6*o**2 - 14*o - 10. Let v(w) = w**2 + 3*w + 2. Let g(m) = 2*c(m) + 11*v(m). What is the units digit of g(4)?
6
Suppose -3 - 1 = -2*y. Suppose -2*u - 44 = -y*n, -88 = -3*n - n - 2*u. What is the units digit of n?
2
Let u = 0 + 11. Suppose -5*x - u = -3*b + 40, -3*x = -9. What is the tens digit of b?
2
Suppose 2*l - 12 = -0. Suppose -l*a = -2*a - 20. What is the units digit of a - (-1)/2*2?
6
Let r(n) = -3 + 1 + 1. Let x(d) = -2*d + 1. Let l(s) = 3*r(s) - x(s). What is the units digit of l(4)?
4
Suppose 4*m - 40 = 36. What is the units digit of m?
9
Let t be 102 + (-1 - 2 - -6). Suppose -4*d - 2*s = -166, -3*s + t = 3*d - 8*s. What is the units digit of d?
0
Suppose 37 = 3*k - 14. Suppose 3*c + 4*x - 4 = 0, 6*c + 3*x - k = 2*c. What is the units digit of c?
8
Suppose 5*t + 36 = 4*c, t - 3*c + 13 = -t. Let x = 28 - 17. Let m = t + x. What is the units digit of m?
3
Let r be ((-14)/(-4) + -3)*0. Suppose 4*m + 4 = r, -t - 3*m = -0*t - 2. What is the units digit of t?
5
Suppose 7*b = 2*b + 15. Suppose -3*u - b = -21. What is the units digit of u?
6
What is the tens digit of 8/(-44) + (-378)/(-22)?
1
Suppose 18 = 2*y - 0*a + 2*a, -5*a = -20. Suppose -4*s - 86 = 5*v, -3*s = -y*v - s - 92. Let t = -4 - v. What is the units digit of t?
4
Let q = 2 - 4. Let f be (-142)/6 + q/6. What is the units digit of ((-128)/f)/(2/3)?
8
Let z(j) = -j**3 - 7*j**2 - 4*j - 9. Let u be z(-7). Let p = -5 + u. What is the tens digit of p?
1
Suppose 4*c - 4*z + 60 = 396, 3*z + 163 = 2*c. What is the tens digit of c?
8
Suppose 3*t - 109 = -4*x, 3*t = -x - 2*x + 111. What is the units digit of t?
9
Let c = -7 + 10. Suppose c*p - 12 + 0 = 0. What is the units digit of p?
4
Suppose 0 = -3*k + 2 + 328. What is the hundreds digit of k?
1
Suppose 12 = q - 2*k + 3*k, 0 = -2*q - 5*k + 21. Let g = 21 - q. What is the units digit of g?
8
Suppose -2*d - 3 - 39 = -3*r, 2*r - 38 = -2*d. What is the tens digit of r?
1
Suppose -21 - 12 = -3*w. What is the tens digit of w?
1
Suppose s = -0*s + 3. What is the units digit of -3 - (-4 + s) - -10?
8
Suppose 7*m + d - 5 = 4*m, 3*m - 9 = 3*d. Suppose 3*l - 19 = 5. Suppose -2*x + 12 = 5*b - 5, -m*b = 2*x - l. What is the units digit of x?
1
Let c(o) = -o**2 + 2*o - 1. Let q(v) = 3*v**2 + v. Let f be q(-1). Let a be c(f). What is the units digit of (-3)/(3*a) - -2?
3
Suppose -t - 6 = -3. Suppose 5*q + 5 + 5 = -5*l, 0 = -5*q - 4*l - 12. Let r = t - q. What is the units digit of r?
1
Let g be 20*3*(-3)/(-36). What is the units digit of (g/3)/(1/18)?
0
Suppose w = -f - 8, f + 3*f - 4*w = 0. Let c(z) = z**2 + 3*z + 6. What is the tens digit of c(f)?
1
What is the units digit of -4*(0 - 1 - 20/8)?
4
What is the tens digit of 2405/26 + 1/(-2)?
9
Let u(d) be the first derivative of d**3/3 + 5*d**2/2 - 2*d + 2. Let n be u(-5). What is the units digit of (-75)/(-12) - n/(-8)?
6
Let v(m) = m. Let y be v(4). Let b(p) = -p**3 + 5*p**2 - 5*p + 5. What is the units digit of b(y)?
1
Let c(i) = -i**2 + 10*i - 7. What is the tens digit of c(6)?
1
Suppose 7*z - 1008 = -z. What is the hundreds digit of z?
1
Let t be 2*(-3)/6*-2. What is the units digit of 0/1 + (t - -2)?
4
Suppose m = -2*f - 13, 4*m + 11 = f - 5. What is the units digit of (-10)/15*6/f?
1
Suppose 4*m + 45 = d + 2*m, 4*d - 4*m - 184 = 0. What is the units digit o